Let h be i(-4). Let s = 152 + -140. Calculate the greatest common divisor of s and h.
12
Suppose -2*k + u + 99 = 0, -4*k + 159 = -3*u - 42. Suppose 0*w + k = 3*w. Let o be (63 + 1)/((-2)/(-4)). What is the greatest common factor of o and w?
16
Suppose 2*r - 2*p + 4*p = 32, 2*r - 38 = -5*p. Let w be r - -1 - (-3 + 2). Suppose m = 49 + w. Calculate the greatest common factor of 13 and m.
13
Suppose x - 62 + 10 = 0. Suppose -5*m = -3*z - 15, -11 = 5*m + 4*z + 9. Suppose -2*w = -m*w - 26. What is the greatest common divisor of x and w?
13
Let q(x) = x**3 + 2*x + 3. Let w be q(3). What is the greatest common divisor of w and 24?
12
Let a = 6 + -3. Suppose -4*k - 9 = 31. Let d be (-6)/k - 2/(-5). What is the highest common factor of a and d?
1
Let m = 24 + -21. Suppose 5*v = -2*z + 14, m*v = -2*z + 9 + 1. Calculate the greatest common divisor of 2 and z.
2
Suppose -4*d + 5 = -g + 1, -2*d - g = -8. What is the highest common factor of d and 6?
2
Let i(u) = 2*u**2 - 4*u + 1. Let f be (-14)/7*3/(-2). Let d be i(f). What is the highest common factor of d and 7?
7
Suppose 4*r - 3*i + 509 = 0, -6*r - 3*i = -2*r + 491. Let z = 179 + r. What is the greatest common divisor of 6 and z?
6
Let w = 19 - 10. Let f = w - -25. Let g(x) = -29*x - 2. Let p be g(-3). Calculate the greatest common factor of f and p.
17
Suppose 11 = 4*o - 5*x, 4*o - 16 = -0*o + 4*x. Let q = o + -2. Calculate the greatest common divisor of 56 and q.
7
Let x(i) = -51*i - 1. Let b be x(-1). Suppose q - 2*r - 2*r = 20, -5 = r. Suppose w - 5*w + 40 = q. What is the highest common factor of b and w?
10
Let n(c) = -c - 1. Let j be n(-28). Calculate the highest common factor of 297 and j.
27
Let c(q) = q**2 + 4*q. Let o be c(-4). Suppose o = -5*d - 33 + 128. Calculate the greatest common factor of 38 and d.
19
Let l = 14 - 10. Let k be 6 - 3 - (-500)/l. What is the highest common divisor of 16 and k?
16
Let s(w) = w**3 + 5*w**2 - 8*w + 4. Let o be s(-6). What is the greatest common factor of 16 and o?
16
Suppose 8*b = 5*b + y + 57, -b + 24 = -2*y. Calculate the greatest common factor of b and 6.
6
Suppose -10 = -i + 4*g + 16, 3*i - 4*g - 38 = 0. Suppose 9*t - 600 = -t. Calculate the greatest common divisor of t and i.
6
Let k = 11 + -8. Let g be 78 - (k + -1 + -4). Calculate the greatest common factor of g and 16.
16
Suppose z - 40 = -3*z. What is the greatest common factor of 4 and z?
2
Suppose 0 = i + 2 - 8. Suppose -4*w = -2*w - i. Suppose -t = w - 12. What is the highest common divisor of t and 81?
9
Let p(u) = -u**2 - 4*u - 3. Let v be p(-3). Let k = -4 - v. Let a be (k/4)/(1/(-35)). Calculate the highest common factor of 7 and a.
7
Suppose -8 = 2*w + 2*v, -2*w + 3*w - v = -4. Let i be w*((-47)/4 - 2). What is the highest common divisor of i and 11?
11
Let p be (2/4)/(-1)*-4. Let u be -1*p*(-4)/4. Suppose 20 = i - 3*a, 6 + u = -2*a. Calculate the greatest common divisor of i and 32.
8
Suppose -c = 4, 0*c + 130 = 3*t - 4*c. Calculate the highest common factor of t and 95.
19
Let m be -3 - (-3 - -2) - -21. Suppose -3*k - 4*q = -281, -192 = -2*k + 2*q - 0*q. Calculate the greatest common factor of k and m.
19
Let v be (12/16)/((-2)/(-16)). Let s be (v/4)/(21/224). What is the highest common divisor of s and 4?
4
Let d(h) = -1 - 134*h + 134*h + 6*h**2. Let k(i) = i**2 + 5*i + 5. Let q be k(-4). Let z be d(q). What is the greatest common divisor of z and 35?
5
Suppose -c = -l + 41 - 3, 142 = 4*l - 2*c. Calculate the highest common factor of l and 11.
11
Suppose 2*u + 2*u - 256 = 0. Suppose -2*f = -4*p - 76, -4*p = f - 2*f + 44. Let a = f + -16. Calculate the greatest common factor of a and u.
16
Suppose 0 = -4*f - x + 10, -3*x + 12 = f + 2*f. Suppose 4*d - 3*m = -0*m + 41, 20 = f*d - 2*m. Let h = d - -52. What is the highest common factor of h and 21?
21
Suppose -4*l - z = -176, 3*l + 3*z + 102 = 5*l. Calculate the greatest common divisor of l and 18.
9
Let g(q) = q**3 - 6*q**2 + 6*q - 2. Let u be g(5). Suppose -u*s + s + 130 = 0. Suppose 0 = 3*d - 68 - 10. What is the greatest common factor of d and s?
13
Let f = 53 - 38. Calculate the greatest common factor of 60 and f.
15
Let l = 100 + -73. What is the greatest common factor of 9 and l?
9
Suppose 0 = 2*s - 3*s - 16. Let n = 30 + s. Let z(g) = g**3 + g**2 - g + 2. Let q be z(0). What is the greatest common divisor of q and n?
2
Let x = -3 + 7. Suppose -3*f = p - 3, -p + x*f + 3 = 3*f. Suppose p*s + 165 = 4*d, 2*d - 3*d = s - 50. Calculate the greatest common factor of 5 and d.
5
Suppose -2*o + 4*z + 10 = -26, 0 = -o + 4*z + 22. Let s(f) = 4*f + 2. Let q be s(3). Let b = -7 + q. Calculate the greatest common divisor of b and o.
7
Suppose 5*h = -2*q, -q = h + h. Suppose q = -2*k + 30 - 6. Let m(a) = 2*a. Let c be m(3). What is the greatest common divisor of c and k?
6
Let x = -4 + 28. Calculate the highest common divisor of 24 and x.
24
Let s = 9 + 9. Let y(w) = 2*w**2 + 13*w. Let o(q) = q**3 + q**2 + q - 9. Let j be o(0). Let f be y(j). Calculate the greatest common factor of s and f.
9
Suppose 2*o - 5*s - 63 = -4*s, 0 = 3*s + 3. Let c = 39 + o. Calculate the highest common factor of c and 7.
7
Suppose 4*a = 304 + 80. Calculate the greatest common divisor of 12 and a.
12
Let i(t) = -72*t. Let l be i(2). Let x be 1 - (l + 3 + -2). Suppose 0 = -2*r + 3*d - 7*d + 36, -3*d = -4*r + 61. What is the highest common factor of x and r?
16
Let u be 55/(-10)*(1 + -23). Let n(f) = 5 + 1 - 4 + 2*f + 9. Let b be n(0). Calculate the greatest common factor of u and b.
11
Let g be (0 - 1) + 2 + 1. Suppose 5*s = s, 0 = 4*x - g*s - 220. Let v(y) = 3*y + 1. Let l be v(7). What is the greatest common divisor of l and x?
11
Let u be 32/12 + -3 + 300/9. Calculate the highest common divisor of 44 and u.
11
Let s = 21 + -5. Calculate the highest common factor of s and 176.
16
Let l(w) = 5*w**2 + 9*w - 2. Let a be l(6). What is the highest common factor of 8 and a?
8
Let p(c) = 3*c**2 - 3*c - 2. Let n be p(2). Suppose -5*v - 7 = -3*s, -v + 13 = 3*s - 0*s. Calculate the greatest common divisor of n and v.
1
Suppose -314 = -9*v + 1009. Calculate the highest common factor of 21 and v.
21
Let n be (9/3 - -67) + 1 + -1. What is the greatest common divisor of n and 28?
14
Suppose 9*a - 3*r - 44 = 7*a, 0 = -5*r - 20. What is the highest common divisor of 192 and a?
16
Let k = 114 + -101. What is the greatest common factor of k and 1?
1
Let n be ((-20)/(-2)*(-6)/(-6))/2. What is the highest common divisor of 10 and n?
5
Let l(v) = -v**3 + v**2 - 2. Let i be l(-2). Suppose -5*p + 15 = -i. Calculate the highest common divisor of p and 45.
5
Suppose 0 = -5*j + 3*j + 12. Calculate the greatest common divisor of 42 and j.
6
Suppose 0 = -4*p + 8*p - 36. Calculate the greatest common divisor of 9 and p.
9
Let d be 9/(-6) - (-99)/6. Calculate the highest common factor of 165 and d.
15
Let d(n) = 5*n**2 - 3*n - 1. Let u be d(6). What is the highest common divisor of u and 23?
23
Suppose u - 9 = -5*c, -u - 1 = 4*c - 9. What is the highest common divisor of 44 and u?
4
Suppose 12 = 4*r - 32. Let h(s) = s - 28 + 24 - 3*s + 0*s + s**2. Let c be h(5). What is the greatest common divisor of r and c?
11
Let t(m) = 11*m**2 + m. Let o be t(-1). Calculate the highest common factor of 4 and o.
2
Let j be 0 + -1 - ((-18)/1 - -2). Calculate the greatest common divisor of j and 5.
5
Let m = 2 + 15. Suppose m = 2*f - 11. What is the highest common factor of f and 70?
14
Let z(n) = -2 - 2 - 3*n + 5. Let q be z(-4). Let a be (-8)/10*(-195)/2. Calculate the greatest common divisor of q and a.
13
Let j be (-3)/2*(-20)/6. Suppose j*m - 5 = 30. Calculate the greatest common divisor of 14 and m.
7
Let x = 33 + -23. Calculate the greatest common divisor of 80 and x.
10
Let x = 0 - -1. Let a(j) = 153*j + 1. Let h be a(x). Calculate the highest common divisor of h and 14.
14
Let o(c) = 2*c**2 - 2*c - 1. Let u be o(-1). Let a be u/(8/3 - 3). Let j = -5 - a. Calculate the highest common divisor of j and 20.
4
Let q(n) = n - 5. Let v be (3 + -2)/(-1)*-8. Let p be q(v). Suppose b = -5*y + 37, -b + 44 = b - 5*y. Calculate the greatest common factor of p and b.
3
Let p(g) = -g + 16. Let d be p(10). Calculate the greatest common factor of d and 6.
6
Suppose -2*b - 43 = -o - 1, 4*b - 252 = -5*o. Let u = 70 - o. S